
16
Suppose 5*d - u - 40 = 58, -d = -3*u - 14. Let t = 28 - d. Let m(h) = -h + 40. Let r be m(0). Calculate the greatest common divisor of r and t.
8
Let m(l) be the second derivative of -2*l + 1/5*l**5 - 1/2*l**2 - 1/6*l**3 + 0 + 1/12*l**4. Let d be m(2). Calculate the greatest common factor of 11 and d.
11
Suppose -2*m - 2 + 10 = 0. Suppose -6*i + 28 = -176. Suppose 3*b = -22 + i. Calculate the greatest common divisor of b and m.
4
Let d(z) = -z**3 + 12*z**2 + 14*z - 10. Suppose 0 = 3*h - 4*h + 47. Let y = h + -34. Let r be d(y). Calculate the greatest common divisor of 3 and r.
3
Let n be 41/13 + (-2)/13. Suppose -127 = -4*m + n*l, 4*l = 4*m + m - 159. What is the greatest common factor of 217 and m?
31
Suppose 0 = 10*w - 0*w - 800. Let z = 108 - w. What is the greatest common factor of 7 and z?
7
Let u be (-16)/(-32)*(56 - 1*-2). Calculate the greatest common divisor of 116 and u.
29
Suppose -2*z - l + 172 = -3*l, 3*z = -l + 238. Calculate the greatest common divisor of z and 135.
27
Let u = -138 + 202. What is the highest common divisor of 8 and u?
8
Let w(n) be the first derivative of 9*n**2/2 - 42*n - 14. Let u be w(8). Calculate the highest common factor of 30 and u.
30
Suppose -6*n + n + 2*c = -60, 66 = 4*n + 2*c. Let w be ((-24)/n)/((-1)/7). Calculate the highest common factor of 108 and w.
12
Let s = 14 + -12. Suppose 7*v - 34 = 36. What is the greatest common factor of v and s?
2
Let v be (-2)/(2 + -1)*-30. Let q(p) = 4*p + 67. Let c be q(-13). What is the greatest common divisor of c and v?
15
Let t(j) = -2*j - 3. Suppose -3 = 4*x + 25. Let m be t(x). Let u(r) = r + 88. Let l be u(0). Calculate the greatest common factor of m and l.
11
Let l(q) = -7 - 15 + 2*q - 11 + q. Let u be l(15). What is the greatest common factor of u and 108?
12
Let w be 36/(-8)*(-36)/2. Let q = 1 - -5. Suppose -l + 3 = -q. What is the greatest common factor of w and l?
9
Let r be ((-8)/(-5))/(2 - 840/425). Calculate the highest common divisor of 391 and r.
17
Let t(z) = -8 - 20*z - 4 - z**2 - 13 + 6. Let k be t(-16). What is the greatest common divisor of k and 18?
9
Suppose -3*h = -5*j - 20, 3*j = 4*h - 0*j - 12. Suppose h = 9*t + 9*t - 648. What is the greatest common factor of 18 and t?
18
Let r(o) = 21*o - 10. Let d be r(-2). Let p be 2/(-8) + (-481)/d. Calculate the greatest common factor of 15 and p.
3
Let v(h) = 96*h + 502. Let g be v(-5). Calculate the greatest common factor of g and 1936.
22
Let a(q) = q**2 + 3. Let k = -9 + 4. Let t be a(k). Suppose 33*m - 3293 = 624 + 703. Calculate the greatest common divisor of t and m.
28
Suppose 2*z + 6 = 3*o - o, -3*o + 7 = -4*z. Suppose 5*r + 276 = s, r + 8 = o*r. What is the greatest common factor of 22 and s?
22
Let d(q) = q**2 - 10*q + 37. Let t be d(11). What is the greatest common factor of t and 112?
16
Suppose 3*d = -9*d + 456. What is the highest common divisor of d and 38?
38
Let b be (-1)/(2 - (-54)/(-28)). Let x = 31 - b. Let z be 17 + 1/(3/(-6)). What is the highest common divisor of x and z?
15
Let s = -1516 - -1573. What is the greatest common factor of s and 3?
3
Suppose -16*m - m + 527 = 0. What is the greatest common divisor of m and 248?
31
Suppose 0*h + 16 = h. Let x be 90/(-18) - (-745)/5. Calculate the greatest common divisor of x and h.
16
Let t = 7 - -53. Let q be 2/6 - (-59)/3. Calculate the greatest common divisor of q and t.
20
Suppose 4*z - 21 = 7*z. Let a = z + 23. What is the greatest common factor of 2 and a?
2
Suppose -35*b = -5*b - 5940. What is the highest common divisor of b and 330?
66
Suppose -2*i - i + 258 = f, 3*f - 804 = i. Suppose 5*m = f + 408. Calculate the highest common divisor of 54 and m.
27
Let k be (-10)/3*(4 - 1508/65). What is the highest common factor of 256 and k?
64
Suppose 24 = 2*a - 6. Let f be 329/42 + (-2)/(-12). Suppose 50 = 4*b - i + f, -4*i - 8 = 0. What is the highest common divisor of b and a?
5
Suppose -2*r + 2*p + 5 + 11 = 0, 0 = -3*r - 3*p. What is the greatest common divisor of r and 100?
4
Let w be (4/2)/((-3)/(-66)). Suppose -2*g = -3*g + w. Let x = g - 20. What is the greatest common divisor of 36 and x?
12
Suppose 4*j = -16 + 8. Let y be (12*(-2)/j)/((-21)/(-196)). Calculate the highest common factor of y and 28.
28
Let c(d) = 11*d**2 + 13*d + 9. Let p(o) = 5*o**2 + 7*o + 4. Let x(z) = -3*c(z) + 7*p(z). Let r be x(-11). What is the greatest common factor of 19 and r?
19
Suppose -5*d = 5*f - 295, 2*f + 21 = d - 32. What is the highest common factor of 3 and d?
3
Let g(m) = -m**2 + 21*m + 107. Let w be g(22). What is the greatest common factor of w and 17?
17
Let a = 59 + 4. Let q(t) = -t + 33. Let k = -34 - -46. Let v be q(k). Calculate the highest common factor of a and v.
21
Let g be 270*(-2 + 12/5). Suppose 18*r = 14*r + g. Calculate the greatest common divisor of r and 81.
27
Let i be ((-33)/(-9) - 2) + 16/(-24). Calculate the highest common divisor of 27 and i.
1
Suppose 5*c - 2*w = 77, 65 = 2*c + 2*c - 5*w. Let d = 88 + -49. Suppose 0 = j - d - 6. Calculate the greatest common divisor of c and j.
15
Let h(a) = 7*a**2 + 1. Suppose 2*u = 3*q - 10, -3*q - 3 + 19 = 4*u. Let b be h(u). What is the greatest common factor of 16 and b?
8
Suppose -5*i + k - 4*k = -1083, 0 = 2*k - 2. What is the greatest common factor of 24 and i?
24
Suppose 14*b - 29 = 27. Let i be 1159/7 - b/7. What is the highest common factor of i and 33?
33
Suppose 0 = -3*w - 5*z - 4, 6*z + 18 = -w + z. Let u be 12/(-30)*-10 - (-1 - w). Calculate the greatest common factor of 8 and u.
4
Let r be 0*(9/6 - (1 - -1)). Suppose -3*v + 23 = -2*p + 107, r = -5*p + 2*v + 221. What is the highest common factor of p and 30?
15
Let y(c) = c + 4. Let b be y(-2). Let u be 616/70*5/2. What is the highest common factor of b and u?
2
Suppose 0*b - 4*b = -40. Let u(k) = -k**3 + 11*k**2 - 13*k + 5. Let r be u(b). Let m be r*(1 - 51/15). What is the greatest common factor of 12 and m?
12
Suppose -i = -0 + 3, 5*i + 43 = 4*t. What is the highest common factor of t and 7?
7
Suppose -5 = -5*b, n + 15 = 2*b + 207. Let j = 280 - 417. Let z = n + j. Calculate the highest common divisor of z and 19.
19
Suppose o + 2 = -5*z + 81, -2*o + 165 = 3*z. What is the highest common factor of o and 112?
28
Let l(i) = 3*i**2 - 10*i + 4. Let u be l(3). Suppose 5*r + 6 = 4*v, 5*r - 8*v + 3*v + 10 = 0. What is the highest common factor of r and u?
1
Suppose -3 = 3*a - 0. Let f = a - -11. Suppose 3*m - m - 5*c = -5, -13 = -5*m + 4*c. What is the highest common divisor of m and f?
5
Suppose 0 = 4*x + 3*o - 615, -33*o = 2*x - 28*o - 297. Calculate the highest common factor of 130 and x.
26
Let u(a) = a**3 + 2*a**2 - a. Let x be u(1). Suppose -4*o + 15 = 4*m - 49, x*o - 62 = -4*m. What is the greatest common divisor of 105 and m?
15
Let l(o) = o**2 + 2*o - 18. Let p be 16/(-72) - (-140)/(-18). Let q be l(p). What is the highest common factor of 45 and q?
15
Let y(h) = -h**2 + 9*h + 2. Let s = 1 + 7. Let v be y(s). Let l be ((-12)/v)/((-3)/150). What is the highest common factor of 20 and l?
20
Let r be (-7 + 1 + -2)*-8. Let m = -31 + r. Suppose -2*j - j + m = 0. What is the highest common factor of j and 77?
11
Suppose 3*n + 7 = 3*y + 1, 3*y + 2 = -5*n. Let f(i) = -7*i + 37. Let u be f(8). Let w = u - -22. Calculate the highest common divisor of y and w.
1
Let n(p) be the second derivative of 3*p**5/10 + p**4/6 - p**2/2 - 2*p. Suppose -5*f + 3 = -2. Let r be n(f). Calculate the highest common divisor of r and 1.
1
Let x be (4 - -1)/((-2)/(-34)). Suppose 2*d + 4*w - 133 = -d, -172 = -4*d - 4*w. Let v = -5 + d. What is the highest common divisor of x and v?
17
Suppose p - 4*i + 17 = 0, -p + 0 + 8 = i. Let m be 8/(5/30*p). Calculate the greatest common divisor of 48 and m.
16
Let i(l) = -l + 1. Let w(y) = -14*y + 12. Let g(f) = 22*i(f) - 2*w(f). Let m be g(4). Calculate the highest common factor of 33 and m.
11
Suppose -2*x = 3*x - 110. Suppose -122 - 54 = -8*y. What is the greatest common factor of y and x?
22
Let o = 117 + -93. Suppose o = -a + 5*a. Calculate the greatest common divisor of a and 42.
6
Let a(t) = -t**3 - 5*t**2 + 3*t + 2. Let d be a(-6). Let k be (6/(-15))/((-10)/25) + 119. What is the highest common divisor of d and k?
20
Let d(i) = -21*i + 3. Let r be d(1). Let n(v) = v**2 + 19*v + 22. Let f 